{"id":60,"date":"2022-08-23T08:31:56","date_gmt":"2022-08-23T11:31:56","guid":{"rendered":"https:\/\/jefisa.unsa.edu.ar\/?page_id=60"},"modified":"2024-09-20T15:00:48","modified_gmt":"2024-09-20T18:00:48","slug":"jefisa-2","status":"publish","type":"page","link":"https:\/\/jefisa.unsa.edu.ar\/","title":{"rendered":""},"content":{"rendered":"\n<ul class=\"wp-block-social-links has-visible-labels is-style-logos-only is-content-justification-right is-layout-flex wp-container-core-social-links-is-layout-d445cf74 wp-block-social-links-is-layout-flex\"><li class=\"wp-social-link wp-social-link-facebook  wp-block-social-link\"><a rel=\"noopener nofollow\" target=\"_blank\" href=\"https:\/\/web.facebook.com\/profile.php?id=61564578505058&#038;locale=es_LA\" class=\"wp-block-social-link-anchor\"><svg width=\"24\" height=\"24\" viewBox=\"0 0 24 24\" version=\"1.1\" xmlns=\"http:\/\/www.w3.org\/2000\/svg\" aria-hidden=\"true\" focusable=\"false\"><path d=\"M12 2C6.5 2 2 6.5 2 12c0 5 3.7 9.1 8.4 9.9v-7H7.9V12h2.5V9.8c0-2.5 1.5-3.9 3.8-3.9 1.1 0 2.2.2 2.2.2v2.5h-1.3c-1.2 0-1.6.8-1.6 1.6V12h2.8l-.4 2.9h-2.3v7C18.3 21.1 22 17 22 12c0-5.5-4.5-10-10-10z\"><\/path><\/svg><span class=\"wp-block-social-link-label\">Facebook<\/span><\/a><\/li>\n\n<li class=\"wp-social-link wp-social-link-instagram  wp-block-social-link\"><a rel=\"noopener nofollow\" target=\"_blank\" href=\"https:\/\/www.instagram.com\/jefisa.unsa\/\" class=\"wp-block-social-link-anchor\"><svg width=\"24\" height=\"24\" viewBox=\"0 0 24 24\" version=\"1.1\" xmlns=\"http:\/\/www.w3.org\/2000\/svg\" aria-hidden=\"true\" focusable=\"false\"><path d=\"M12,4.622c2.403,0,2.688,0.009,3.637,0.052c0.877,0.04,1.354,0.187,1.671,0.31c0.42,0.163,0.72,0.358,1.035,0.673 c0.315,0.315,0.51,0.615,0.673,1.035c0.123,0.317,0.27,0.794,0.31,1.671c0.043,0.949,0.052,1.234,0.052,3.637 s-0.009,2.688-0.052,3.637c-0.04,0.877-0.187,1.354-0.31,1.671c-0.163,0.42-0.358,0.72-0.673,1.035 c-0.315,0.315-0.615,0.51-1.035,0.673c-0.317,0.123-0.794,0.27-1.671,0.31c-0.949,0.043-1.233,0.052-3.637,0.052 s-2.688-0.009-3.637-0.052c-0.877-0.04-1.354-0.187-1.671-0.31c-0.42-0.163-0.72-0.358-1.035-0.673 c-0.315-0.315-0.51-0.615-0.673-1.035c-0.123-0.317-0.27-0.794-0.31-1.671C4.631,14.688,4.622,14.403,4.622,12 s0.009-2.688,0.052-3.637c0.04-0.877,0.187-1.354,0.31-1.671c0.163-0.42,0.358-0.72,0.673-1.035 c0.315-0.315,0.615-0.51,1.035-0.673c0.317-0.123,0.794-0.27,1.671-0.31C9.312,4.631,9.597,4.622,12,4.622 M12,3 C9.556,3,9.249,3.01,8.289,3.054C7.331,3.098,6.677,3.25,6.105,3.472C5.513,3.702,5.011,4.01,4.511,4.511 c-0.5,0.5-0.808,1.002-1.038,1.594C3.25,6.677,3.098,7.331,3.054,8.289C3.01,9.249,3,9.556,3,12c0,2.444,0.01,2.751,0.054,3.711 c0.044,0.958,0.196,1.612,0.418,2.185c0.23,0.592,0.538,1.094,1.038,1.594c0.5,0.5,1.002,0.808,1.594,1.038 c0.572,0.222,1.227,0.375,2.185,0.418C9.249,20.99,9.556,21,12,21s2.751-0.01,3.711-0.054c0.958-0.044,1.612-0.196,2.185-0.418 c0.592-0.23,1.094-0.538,1.594-1.038c0.5-0.5,0.808-1.002,1.038-1.594c0.222-0.572,0.375-1.227,0.418-2.185 C20.99,14.751,21,14.444,21,12s-0.01-2.751-0.054-3.711c-0.044-0.958-0.196-1.612-0.418-2.185c-0.23-0.592-0.538-1.094-1.038-1.594 c-0.5-0.5-1.002-0.808-1.594-1.038c-0.572-0.222-1.227-0.375-2.185-0.418C14.751,3.01,14.444,3,12,3L12,3z M12,7.378 c-2.552,0-4.622,2.069-4.622,4.622S9.448,16.622,12,16.622s4.622-2.069,4.622-4.622S14.552,7.378,12,7.378z M12,15 c-1.657,0-3-1.343-3-3s1.343-3,3-3s3,1.343,3,3S13.657,15,12,15z M16.804,6.116c-0.596,0-1.08,0.484-1.08,1.08 s0.484,1.08,1.08,1.08c0.596,0,1.08-0.484,1.08-1.08S17.401,6.116,16.804,6.116z\"><\/path><\/svg><span class=\"wp-block-social-link-label\">Instagram<\/span><\/a><\/li><\/ul>\n\n\n\n<figure class=\"wp-block-image aligncenter size-full is-resized\"><img loading=\"lazy\" decoding=\"async\" width=\"1329\" height=\"492\" src=\"https:\/\/jefisa.unsa.edu.ar\/wp-content\/uploads\/2024\/08\/3\u00b0-JORNADA-1.jpg\" alt=\"\" class=\"wp-image-409\" style=\"width:1089px;height:auto\" srcset=\"https:\/\/jefisa.unsa.edu.ar\/wp-content\/uploads\/2024\/08\/3\u00b0-JORNADA-1.jpg 1329w, https:\/\/jefisa.unsa.edu.ar\/wp-content\/uploads\/2024\/08\/3\u00b0-JORNADA-1-300x111.jpg 300w, https:\/\/jefisa.unsa.edu.ar\/wp-content\/uploads\/2024\/08\/3\u00b0-JORNADA-1-1024x379.jpg 1024w, https:\/\/jefisa.unsa.edu.ar\/wp-content\/uploads\/2024\/08\/3\u00b0-JORNADA-1-768x284.jpg 768w\" sizes=\"auto, (max-width: 1329px) 100vw, 1329px\" \/><\/figure>\n\n\n\n<p class=\"has-text-align-center has-luminous-vivid-orange-color has-text-color has-link-color has-large-font-size wp-elements-22421b59bc68d021ada530d74ae39606\"><strong>3\u00b0 Jornada de Educaci\u00f3n en F\u00edsica<\/strong><br><strong>19 y 20 de septiembre de 2024 | Salta, Argentina<\/strong><\/p>\n\n\n\n<p class=\"has-text-align-center has-medium-font-size\"><strong>La Facultad de Ciencias Exactas de la Universidad Nacional de Salta se complace en invitarte a la 3\u00b0 Jornada de Educaci\u00f3n en F\u00edsica, un evento que re\u00fane a docentes, investigadores y estudiantes interesados en las \u00faltimas tendencias y pr\u00e1cticas en la ense\u00f1anza de la f\u00edsica.<\/strong><\/p>\n\n\n\n<div class=\"wp-block-columns is-layout-flex wp-container-core-columns-is-layout-28f84493 wp-block-columns-is-layout-flex\">\n<div class=\"wp-block-column is-layout-flow wp-block-column-is-layout-flow\">\n<figure class=\"wp-block-image aligncenter size-full is-resized\"><a href=\"https:\/\/jefisa.unsa.edu.ar\/wp-content\/uploads\/2024\/08\/cronograma.pdf\"><img loading=\"lazy\" decoding=\"async\" width=\"500\" height=\"500\" src=\"https:\/\/jefisa.unsa.edu.ar\/wp-content\/uploads\/2024\/08\/Black-And-White-Minimalist-Typography-Personal-Logo.png\" alt=\"\" class=\"wp-image-425\" style=\"width:153px;height:auto\" srcset=\"https:\/\/jefisa.unsa.edu.ar\/wp-content\/uploads\/2024\/08\/Black-And-White-Minimalist-Typography-Personal-Logo.png 500w, https:\/\/jefisa.unsa.edu.ar\/wp-content\/uploads\/2024\/08\/Black-And-White-Minimalist-Typography-Personal-Logo-300x300.png 300w, https:\/\/jefisa.unsa.edu.ar\/wp-content\/uploads\/2024\/08\/Black-And-White-Minimalist-Typography-Personal-Logo-150x150.png 150w\" sizes=\"auto, (max-width: 500px) 100vw, 500px\" \/><\/a><figcaption class=\"wp-element-caption\"><strong>CRONOGRAMA<\/strong><\/figcaption><\/figure>\n<\/div>\n\n\n\n<div class=\"wp-block-column is-layout-flow wp-block-column-is-layout-flow\">\n<figure class=\"wp-block-image aligncenter size-full is-resized\"><a href=\"https:\/\/forms.gle\/YPap4LjjqEfnRy4p8\"><img loading=\"lazy\" decoding=\"async\" width=\"313\" height=\"313\" src=\"https:\/\/jefisa.unsa.edu.ar\/wp-content\/uploads\/2024\/08\/Black-And-White-Minimalist-Typography-Personal-Logo-1.png\" alt=\"\" class=\"wp-image-427\" style=\"width:155px;height:auto\" srcset=\"https:\/\/jefisa.unsa.edu.ar\/wp-content\/uploads\/2024\/08\/Black-And-White-Minimalist-Typography-Personal-Logo-1.png 313w, https:\/\/jefisa.unsa.edu.ar\/wp-content\/uploads\/2024\/08\/Black-And-White-Minimalist-Typography-Personal-Logo-1-300x300.png 300w, https:\/\/jefisa.unsa.edu.ar\/wp-content\/uploads\/2024\/08\/Black-And-White-Minimalist-Typography-Personal-Logo-1-150x150.png 150w\" sizes=\"auto, (max-width: 313px) 100vw, 313px\" \/><\/a><figcaption class=\"wp-element-caption\"><strong>INSCRIPCIONES<\/strong><\/figcaption><\/figure>\n<\/div>\n\n\n\n<div class=\"wp-block-column is-layout-flow wp-block-column-is-layout-flow\">\n<figure class=\"wp-block-image aligncenter size-full is-resized\"><a href=\"https:\/\/forms.gle\/FSFh3MZdPxVHnwsy9\"><img loading=\"lazy\" decoding=\"async\" width=\"500\" height=\"500\" src=\"https:\/\/jefisa.unsa.edu.ar\/wp-content\/uploads\/2024\/08\/Black-And-White-Minimalist-Typography-Personal-Logo-2.png\" alt=\"\" class=\"wp-image-428\" style=\"width:153px;height:auto\" srcset=\"https:\/\/jefisa.unsa.edu.ar\/wp-content\/uploads\/2024\/08\/Black-And-White-Minimalist-Typography-Personal-Logo-2.png 500w, https:\/\/jefisa.unsa.edu.ar\/wp-content\/uploads\/2024\/08\/Black-And-White-Minimalist-Typography-Personal-Logo-2-300x300.png 300w, https:\/\/jefisa.unsa.edu.ar\/wp-content\/uploads\/2024\/08\/Black-And-White-Minimalist-Typography-Personal-Logo-2-150x150.png 150w\" sizes=\"auto, (max-width: 500px) 100vw, 500px\" \/><\/a><figcaption class=\"wp-element-caption\"><strong>ENV\u00cdO DE RESUMEN<\/strong><br><strong>\/DISPOSITIVO<\/strong><\/figcaption><\/figure>\n<\/div>\n\n\n\n<div class=\"wp-block-column is-layout-flow wp-block-column-is-layout-flow\">\n<figure class=\"wp-block-image aligncenter size-full is-resized\"><a href=\"https:\/\/jefisa.unsa.edu.ar\/?page_id=74\"><img loading=\"lazy\" decoding=\"async\" width=\"500\" height=\"500\" src=\"https:\/\/jefisa.unsa.edu.ar\/wp-content\/uploads\/2024\/08\/Black-And-White-Minimalist-Typography-Personal-Logo-4.png\" alt=\"\" class=\"wp-image-433\" style=\"width:161px;height:auto\" srcset=\"https:\/\/jefisa.unsa.edu.ar\/wp-content\/uploads\/2024\/08\/Black-And-White-Minimalist-Typography-Personal-Logo-4.png 500w, https:\/\/jefisa.unsa.edu.ar\/wp-content\/uploads\/2024\/08\/Black-And-White-Minimalist-Typography-Personal-Logo-4-300x300.png 300w, https:\/\/jefisa.unsa.edu.ar\/wp-content\/uploads\/2024\/08\/Black-And-White-Minimalist-Typography-Personal-Logo-4-150x150.png 150w\" sizes=\"auto, (max-width: 500px) 100vw, 500px\" \/><\/a><figcaption class=\"wp-element-caption\"><strong>TALLERES<\/strong><\/figcaption><\/figure>\n<\/div>\n\n\n\n<div class=\"wp-block-column is-layout-flow wp-block-column-is-layout-flow\">\n<figure class=\"wp-block-image size-full is-resized\"><a href=\"https:\/\/drive.google.com\/file\/d\/1AdI5GKlkv4ZhzB3XWoApEZMCUmhRSMD6\/view?usp=sharing\"><img loading=\"lazy\" decoding=\"async\" width=\"375\" height=\"375\" src=\"https:\/\/jefisa.unsa.edu.ar\/wp-content\/uploads\/2024\/08\/1.png\" alt=\"\" class=\"wp-image-507\" style=\"width:159px;height:auto\" srcset=\"https:\/\/jefisa.unsa.edu.ar\/wp-content\/uploads\/2024\/08\/1.png 375w, https:\/\/jefisa.unsa.edu.ar\/wp-content\/uploads\/2024\/08\/1-300x300.png 300w, https:\/\/jefisa.unsa.edu.ar\/wp-content\/uploads\/2024\/08\/1-150x150.png 150w\" sizes=\"auto, (max-width: 375px) 100vw, 375px\" \/><\/a><\/figure>\n\n\n\n<p class=\"has-text-align-center\"><strong>RESOLUCI\u00d3N UNSa<\/strong><\/p>\n<\/div>\n<\/div>\n\n\n\n<div class=\"wp-block-media-text is-stacked-on-mobile\"><figure class=\"wp-block-media-text__media\"><img loading=\"lazy\" decoding=\"async\" width=\"576\" height=\"1024\" src=\"https:\/\/jefisa.unsa.edu.ar\/wp-content\/uploads\/2024\/09\/podes-participar-en-los-talleres-Tu-historia-2-576x1024.png\" alt=\"\" class=\"wp-image-584 size-full\" srcset=\"https:\/\/jefisa.unsa.edu.ar\/wp-content\/uploads\/2024\/09\/podes-participar-en-los-talleres-Tu-historia-2-576x1024.png 576w, https:\/\/jefisa.unsa.edu.ar\/wp-content\/uploads\/2024\/09\/podes-participar-en-los-talleres-Tu-historia-2-169x300.png 169w, https:\/\/jefisa.unsa.edu.ar\/wp-content\/uploads\/2024\/09\/podes-participar-en-los-talleres-Tu-historia-2-768x1365.png 768w, https:\/\/jefisa.unsa.edu.ar\/wp-content\/uploads\/2024\/09\/podes-participar-en-los-talleres-Tu-historia-2.png 810w\" sizes=\"auto, (max-width: 576px) 100vw, 576px\" \/><\/figure><div class=\"wp-block-media-text__content\">\n<p><\/p>\n\n\n\n<hr class=\"wp-block-separator has-alpha-channel-opacity\"\/>\n\n\n\n<p style=\"font-size:25px\">\u2728 <strong>Homenaje a Melina Furman: &#8220;La ciencia como una manera de conversar curiosamente&#8221;<\/strong> \u2728<\/p>\n\n\n\n<p style=\"font-size:25px\">\ud83d\uddd3\ufe0f <strong>Fecha:<\/strong> 20 de septiembre<br>\ud83d\udd52 <strong>Hora:<\/strong> 15:00 hs (Argentina)<br>\ud83c\udf10 <strong>Modalidad:<\/strong> Online<\/p>\n\n\n\n<p style=\"font-size:25px\">No te pierdas este emotivo homenaje a Melina Furman, en el marco de la 3\u00b0 Jornada de Ense\u00f1anza de la F\u00edsica, donde Gabriel Gellon y Pablo Salom\u00f3n compartir\u00e1n una charla imperdible sobre su legado en la educaci\u00f3n cient\u00edfica.<\/p>\n\n\n\n<div class=\"wp-block-buttons is-content-justification-center is-layout-flex wp-container-core-buttons-is-layout-a89b3969 wp-block-buttons-is-layout-flex\">\n<div class=\"wp-block-button\"><a class=\"wp-block-button__link has-text-align-center wp-element-button\" href=\"https:\/\/meet.google.com\/vbm-vjxe-tnt?hs=224\">ACCEDER A LA CHARLA<\/a><\/div>\n<\/div>\n\n\n\n<p><\/p>\n\n\n\n<p><\/p>\n<\/div><\/div>\n\n\n\n<div class=\"wp-block-columns are-vertically-aligned-center is-layout-flex wp-container-core-columns-is-layout-28f84493 wp-block-columns-is-layout-flex\">\n<div class=\"wp-block-column is-vertically-aligned-center is-layout-flow wp-block-column-is-layout-flow\">\n<figure class=\"wp-block-image size-large\"><img loading=\"lazy\" decoding=\"async\" width=\"1024\" height=\"618\" src=\"https:\/\/jefisa.unsa.edu.ar\/wp-content\/uploads\/2024\/09\/Imagen-de-WhatsApp-2024-09-16-a-las-19.39.46_af2b90c9-1024x618.jpg\" alt=\"\" class=\"wp-image-562\" srcset=\"https:\/\/jefisa.unsa.edu.ar\/wp-content\/uploads\/2024\/09\/Imagen-de-WhatsApp-2024-09-16-a-las-19.39.46_af2b90c9-1024x618.jpg 1024w, https:\/\/jefisa.unsa.edu.ar\/wp-content\/uploads\/2024\/09\/Imagen-de-WhatsApp-2024-09-16-a-las-19.39.46_af2b90c9-300x181.jpg 300w, https:\/\/jefisa.unsa.edu.ar\/wp-content\/uploads\/2024\/09\/Imagen-de-WhatsApp-2024-09-16-a-las-19.39.46_af2b90c9-768x463.jpg 768w, https:\/\/jefisa.unsa.edu.ar\/wp-content\/uploads\/2024\/09\/Imagen-de-WhatsApp-2024-09-16-a-las-19.39.46_af2b90c9-1536x926.jpg 1536w, https:\/\/jefisa.unsa.edu.ar\/wp-content\/uploads\/2024\/09\/Imagen-de-WhatsApp-2024-09-16-a-las-19.39.46_af2b90c9.jpg 1600w\" sizes=\"auto, (max-width: 1024px) 100vw, 1024px\" \/><\/figure>\n<\/div>\n\n\n\n<div class=\"wp-block-column is-vertically-aligned-center is-layout-flow wp-block-column-is-layout-flow\">\n<p class=\"has-ast-global-color-0-color has-text-color has-link-color has-large-font-size wp-elements-036b4f28e713b36ef8e64555d5f3aa70\"><strong>MAPA DEL PREDIO UNIVERSITARIO<\/strong><\/p>\n\n\n\n<div class=\"wp-block-buttons is-layout-flex wp-block-buttons-is-layout-flex\">\n<div class=\"wp-block-button\"><a class=\"wp-block-button__link has-luminous-vivid-orange-background-color has-background wp-element-button\" href=\"https:\/\/www.google.com\/maps\/d\/u\/0\/edit?mid=1Dr-HeZb60ejzlGgUkRdm15I1osgs_vk&amp;usp=sharing\">ACCEDER AL MAPA DE UBICACI\u00d3N DENTRO DEL PREDIO UNIVERSITARIO<\/a><\/div>\n<\/div>\n\n\n\n<p><\/p>\n<\/div>\n<\/div>\n\n\n\n<div class=\"wp-block-media-text is-stacked-on-mobile is-vertically-aligned-center\"><figure class=\"wp-block-media-text__media\"><img loading=\"lazy\" decoding=\"async\" width=\"724\" height=\"1024\" src=\"https:\/\/jefisa.unsa.edu.ar\/wp-content\/uploads\/2024\/08\/Jefisa-General_1-1-724x1024.jpg\" alt=\"\" class=\"wp-image-515 size-full\" srcset=\"https:\/\/jefisa.unsa.edu.ar\/wp-content\/uploads\/2024\/08\/Jefisa-General_1-1-724x1024.jpg 724w, https:\/\/jefisa.unsa.edu.ar\/wp-content\/uploads\/2024\/08\/Jefisa-General_1-1-212x300.jpg 212w, https:\/\/jefisa.unsa.edu.ar\/wp-content\/uploads\/2024\/08\/Jefisa-General_1-1-768x1086.jpg 768w, https:\/\/jefisa.unsa.edu.ar\/wp-content\/uploads\/2024\/08\/Jefisa-General_1-1-1086x1536.jpg 1086w, https:\/\/jefisa.unsa.edu.ar\/wp-content\/uploads\/2024\/08\/Jefisa-General_1-1-1448x2048.jpg 1448w, https:\/\/jefisa.unsa.edu.ar\/wp-content\/uploads\/2024\/08\/Jefisa-General_1-1.jpg 1753w\" sizes=\"auto, (max-width: 724px) 100vw, 724px\" \/><\/figure><div class=\"wp-block-media-text__content\">\n<h4 class=\"wp-block-heading\"><strong>Env\u00edo de Res\u00famenes y Dispositivos de Ense\u00f1anza<\/strong><\/h4>\n\n\n\n<p>\u00a1A\u00fan est\u00e1s a tiempo de participar! Estamos recibiendo res\u00famenes y dispositivos de ense\u00f1anza hasta el <strong>13 de septiembre 2024<\/strong>. Este es el espacio ideal para compartir tus experiencias y propuestas innovadoras en la educaci\u00f3n en f\u00edsica.<\/p>\n\n\n\n<p class=\"has-text-align-center has-medium-font-size\"><strong><a href=\"https:\/\/forms.gle\/SKvTJQFrVpB8CJsv9\">Link para env\u00edo de res\u00famenes<\/a><\/strong><\/p>\n\n\n\n<h4 class=\"wp-block-heading\"><strong>Talleres Destacados<\/strong><\/h4>\n\n\n\n<p>Durante las jornadas, se ofrecer\u00e1n talleres dise\u00f1ados para enriquecer la pr\u00e1ctica docente y ofrecer herramientas innovadoras en la ense\u00f1anza de la f\u00edsica:<\/p>\n\n\n\n<ul class=\"wp-block-list\">\n<li><strong>M\u00d3DULO 1:<\/strong> Eureka en el aula: Descubriendo el aprendizaje por descubrimiento.<\/li>\n\n\n\n<li><strong>M\u00d3DULO 2:<\/strong> Laboratorios de Mochila 2.<\/li>\n\n\n\n<li><strong>M\u00d3DULO 3:<\/strong> Sensando y Experimentando.<\/li>\n\n\n\n<li><strong>M\u00d3DULO 4:<\/strong> Desbloqueando la OAF (Olimpiadas Argentinas de F\u00edsica).<\/li>\n\n\n\n<li><strong>M\u00d3DULO 5:<\/strong> Transforma tu aula en observatorio: Taller pr\u00e1ctico de astronom\u00eda y manejo de telescopios.<\/li>\n\n\n\n<li><strong>M\u00d3DULO 6:<\/strong> Al comp\u00e1s de la M\u00fasica, asoma la F\u00edsica y la Matem\u00e1tica.<\/li>\n<\/ul>\n\n\n\n<h4 class=\"wp-block-heading\"><strong>Inscripciones<\/strong><\/h4>\n\n\n\n<p class=\"has-text-align-center has-medium-font-size\">Para inscribirte en la jornada y en los talleres:<br><a href=\"https:\/\/forms.gle\/VLr5jGqNCeXW4CeQ6\"><strong>Link para Inscripciones<\/strong><\/a><\/p>\n\n\n\n<h4 class=\"wp-block-heading\"><strong>Lugar del Evento<\/strong><\/h4>\n\n\n\n<p><strong>Universidad Nacional de Salta<\/strong><br>Av. Bolivia 5150, Salta, Argentina<\/p>\n\n\n\n<p><\/p>\n<\/div><\/div>\n\n\n\n<div class=\"wp-block-columns is-layout-flex wp-container-core-columns-is-layout-28f84493 wp-block-columns-is-layout-flex\">\n<div class=\"wp-block-column is-layout-flow wp-block-column-is-layout-flow\" style=\"flex-basis:100%\">\n<figure class=\"wp-block-image aligncenter size-large\"><img loading=\"lazy\" decoding=\"async\" width=\"1024\" height=\"144\" src=\"https:\/\/jefisa.unsa.edu.ar\/wp-content\/uploads\/2024\/09\/Captura-de-pantalla-2024-09-19-173429-1024x144.png\" alt=\"\" class=\"wp-image-571\" srcset=\"https:\/\/jefisa.unsa.edu.ar\/wp-content\/uploads\/2024\/09\/Captura-de-pantalla-2024-09-19-173429-1024x144.png 1024w, https:\/\/jefisa.unsa.edu.ar\/wp-content\/uploads\/2024\/09\/Captura-de-pantalla-2024-09-19-173429-300x42.png 300w, https:\/\/jefisa.unsa.edu.ar\/wp-content\/uploads\/2024\/09\/Captura-de-pantalla-2024-09-19-173429-768x108.png 768w, https:\/\/jefisa.unsa.edu.ar\/wp-content\/uploads\/2024\/09\/Captura-de-pantalla-2024-09-19-173429.png 1452w\" sizes=\"auto, (max-width: 1024px) 100vw, 1024px\" \/><\/figure>\n<\/div>\n<\/div>\n\n\n\n<p><\/p>\n","protected":false},"excerpt":{"rendered":"<p>3\u00b0 Jornada de Educaci\u00f3n en F\u00edsica19 y 20 de septiembre de 2024 | Salta, Argentina La Facultad de Ciencias Exactas de la Universidad Nacional de Salta se complace en invitarte a la 3\u00b0 Jornada de Educaci\u00f3n en F\u00edsica, un evento que re\u00fane a docentes, investigadores y estudiantes interesados en las \u00faltimas tendencias y pr\u00e1cticas en &hellip;<\/p>\n<p class=\"read-more\"> <a class=\"\" href=\"https:\/\/jefisa.unsa.edu.ar\/\">  Leer m\u00e1s &raquo;<\/a><\/p>\n","protected":false},"author":1,"featured_media":0,"parent":0,"menu_order":0,"comment_status":"closed","ping_status":"closed","template":"","meta":{"site-sidebar-layout":"default","site-content-layout":"default","ast-global-header-display":"","ast-main-header-display":"","ast-hfb-above-header-display":"","ast-hfb-below-header-display":"","ast-hfb-mobile-header-display":"","site-post-title":"","ast-breadcrumbs-content":"","ast-featured-img":"","footer-sml-layout":"","theme-transparent-header-meta":"","adv-header-id-meta":"","stick-header-meta":"","header-above-stick-meta":"","header-main-stick-meta":"","header-below-stick-meta":"","footnotes":""},"class_list":["post-60","page","type-page","status-publish","hentry"],"_links":{"self":[{"href":"https:\/\/jefisa.unsa.edu.ar\/index.php?rest_route=\/wp\/v2\/pages\/60","targetHints":{"allow":["GET"]}}],"collection":[{"href":"https:\/\/jefisa.unsa.edu.ar\/index.php?rest_route=\/wp\/v2\/pages"}],"about":[{"href":"https:\/\/jefisa.unsa.edu.ar\/index.php?rest_route=\/wp\/v2\/types\/page"}],"author":[{"embeddable":true,"href":"https:\/\/jefisa.unsa.edu.ar\/index.php?rest_route=\/wp\/v2\/users\/1"}],"replies":[{"embeddable":true,"href":"https:\/\/jefisa.unsa.edu.ar\/index.php?rest_route=%2Fwp%2Fv2%2Fcomments&post=60"}],"version-history":[{"count":45,"href":"https:\/\/jefisa.unsa.edu.ar\/index.php?rest_route=\/wp\/v2\/pages\/60\/revisions"}],"predecessor-version":[{"id":587,"href":"https:\/\/jefisa.unsa.edu.ar\/index.php?rest_route=\/wp\/v2\/pages\/60\/revisions\/587"}],"wp:attachment":[{"href":"https:\/\/jefisa.unsa.edu.ar\/index.php?rest_route=%2Fwp%2Fv2%2Fmedia&parent=60"}],"curies":[{"name":"wp","href":"https:\/\/api.w.org\/{rel}","templated":true}]}}