{"id":44,"date":"2022-08-23T08:21:07","date_gmt":"2022-08-23T11:21:07","guid":{"rendered":"https:\/\/jefisa.unsa.edu.ar\/?page_id=44"},"modified":"2024-09-19T17:40:49","modified_gmt":"2024-09-19T20:40:49","slug":"inscripciones","status":"publish","type":"page","link":"https:\/\/jefisa.unsa.edu.ar\/?page_id=44","title":{"rendered":"INSCRIPCIONES"},"content":{"rendered":"\n<p class=\"has-text-align-center has-luminous-vivid-orange-color has-text-color has-link-color has-medium-font-size wp-elements-e200fc81eb4430f72fe1d47ebf922370\"><strong>Pr\u00f3rroga de env\u00edo de resumen y dispositivos educativos hasta el 13 de Septiembre 2024<\/strong><\/p>\n\n\n\n<div class=\"wp-block-buttons is-layout-flex wp-block-buttons-is-layout-flex\">\n<div class=\"wp-block-button has-custom-width wp-block-button__width-100 has-custom-font-size has-large-font-size\"><a class=\"wp-block-button__link has-background wp-element-button\" href=\"https:\/\/forms.gle\/YPap4LjjqEfnRy4p8\" style=\"background-color:#13d100\">INSCRIPCIONES<\/a><\/div>\n<\/div>\n\n\n\n<div class=\"wp-block-columns is-layout-flex wp-container-core-columns-is-layout-28f84493 wp-block-columns-is-layout-flex\">\n<div class=\"wp-block-column is-layout-flow wp-block-column-is-layout-flow\">\n<figure class=\"wp-block-image size-large is-resized\"><img loading=\"lazy\" decoding=\"async\" width=\"724\" height=\"1024\" src=\"https:\/\/jefisa.unsa.edu.ar\/wp-content\/uploads\/2024\/08\/Jefisa-General_1-1-1-724x1024.jpg\" alt=\"\" class=\"wp-image-519\" style=\"width:544px;height:auto\" srcset=\"https:\/\/jefisa.unsa.edu.ar\/wp-content\/uploads\/2024\/08\/Jefisa-General_1-1-1-724x1024.jpg 724w, https:\/\/jefisa.unsa.edu.ar\/wp-content\/uploads\/2024\/08\/Jefisa-General_1-1-1-212x300.jpg 212w, https:\/\/jefisa.unsa.edu.ar\/wp-content\/uploads\/2024\/08\/Jefisa-General_1-1-1-768x1086.jpg 768w, https:\/\/jefisa.unsa.edu.ar\/wp-content\/uploads\/2024\/08\/Jefisa-General_1-1-1-1086x1536.jpg 1086w, https:\/\/jefisa.unsa.edu.ar\/wp-content\/uploads\/2024\/08\/Jefisa-General_1-1-1-1448x2048.jpg 1448w, https:\/\/jefisa.unsa.edu.ar\/wp-content\/uploads\/2024\/08\/Jefisa-General_1-1-1.jpg 1753w\" sizes=\"auto, (max-width: 724px) 100vw, 724px\" \/><\/figure>\n<\/div>\n\n\n\n<div class=\"wp-block-column is-layout-flow wp-block-column-is-layout-flow\">\n<p class=\"has-small-font-size\">La inscripci\u00f3n para participar en la 3\u00b0 Jornada de Educaci\u00f3n en F\u00edsica se realizar\u00e1 mediante el formulario. A continuaci\u00f3n, te detallamos los valores y opciones de inscripci\u00f3n:<\/p>\n\n\n\n<ul class=\"wp-block-list\">\n<li class=\"has-small-font-size\"><strong>Estudiantes de los profesorados de f\u00edsica asociados a APFA:<\/strong> Sin cargo. (Puedes asociarte en el siguiente enlace: <a href=\"https:\/\/apfa.org.ar\/como-asociarse\/\">https:\/\/apfa.org.ar\/como-asociarse\/<\/a>)<\/li>\n\n\n\n<li class=\"has-small-font-size\"><strong>Estudiantes no socios:<\/strong> $9.000<\/li>\n\n\n\n<li class=\"has-small-font-size\"><strong>Docentes\/Otros:<\/strong>\n<ul class=\"wp-block-list\">\n<li>$12.000 hasta el 31 de agosto.<\/li>\n\n\n\n<li>$15.000 desde el 1 de septiembre.<\/li>\n<\/ul>\n<\/li>\n<\/ul>\n\n\n\n<h3 class=\"wp-block-heading has-medium-font-size\"><strong>Forma de Pago<\/strong><\/h3>\n\n\n\n<p>El pago de la inscripci\u00f3n debe realizarse exclusivamente mediante transferencia bancaria a la siguiente cuenta:<\/p>\n\n\n\n<ul class=\"wp-block-list\">\n<li><strong>Raz\u00f3n Social:<\/strong> Asociaci\u00f3n de Profesores de F\u00edsica de la Argentina<\/li>\n\n\n\n<li><strong>CUIT:<\/strong> 30-69044579-0<\/li>\n\n\n\n<li><strong>CBU:<\/strong> 0720519420000000823186<\/li>\n\n\n\n<li><strong>ALIAS:<\/strong> YESO.AGUILA.BUJIA<\/li>\n\n\n\n<li><strong>N\u00ba de cuenta:<\/strong> 519-008231\/8<\/li>\n\n\n\n<li><strong>Cuenta Corriente en pesos \u2013 Banco Santander<\/strong><\/li>\n<\/ul>\n\n\n\n<h4 class=\"wp-block-heading has-small-font-size\">Una vez realizada la transferencia, te solicitamos enviar el comprobante al correo electr\u00f3nico del evento para confirmar tu inscripci\u00f3n.<\/h4>\n\n\n\n<div class=\"wp-block-buttons is-content-justification-center is-layout-flex wp-container-core-buttons-is-layout-a89b3969 wp-block-buttons-is-layout-flex\"><\/div>\n<\/div>\n<\/div>\n\n\n\n<figure class=\"wp-block-image aligncenter size-full\"><img loading=\"lazy\" decoding=\"async\" width=\"1452\" height=\"204\" src=\"https:\/\/jefisa.unsa.edu.ar\/wp-content\/uploads\/2024\/09\/Captura-de-pantalla-2024-09-19-173429-3.png\" alt=\"\" class=\"wp-image-578\" srcset=\"https:\/\/jefisa.unsa.edu.ar\/wp-content\/uploads\/2024\/09\/Captura-de-pantalla-2024-09-19-173429-3.png 1452w, https:\/\/jefisa.unsa.edu.ar\/wp-content\/uploads\/2024\/09\/Captura-de-pantalla-2024-09-19-173429-3-300x42.png 300w, https:\/\/jefisa.unsa.edu.ar\/wp-content\/uploads\/2024\/09\/Captura-de-pantalla-2024-09-19-173429-3-1024x144.png 1024w, https:\/\/jefisa.unsa.edu.ar\/wp-content\/uploads\/2024\/09\/Captura-de-pantalla-2024-09-19-173429-3-768x108.png 768w\" sizes=\"auto, (max-width: 1452px) 100vw, 1452px\" \/><\/figure>\n\n\n\n<p><\/p>\n","protected":false},"excerpt":{"rendered":"<p>Pr\u00f3rroga de env\u00edo de resumen y dispositivos educativos hasta el 13 de Septiembre 2024 La inscripci\u00f3n para participar en la 3\u00b0 Jornada de Educaci\u00f3n en F\u00edsica se realizar\u00e1 mediante el formulario. A continuaci\u00f3n, te detallamos los valores y opciones de inscripci\u00f3n: Forma de Pago El pago de la inscripci\u00f3n debe realizarse exclusivamente mediante transferencia bancaria &hellip;<\/p>\n<p class=\"read-more\"> <a class=\"\" href=\"https:\/\/jefisa.unsa.edu.ar\/?page_id=44\"> <span class=\"screen-reader-text\">INSCRIPCIONES<\/span> Leer m\u00e1s &raquo;<\/a><\/p>\n","protected":false},"author":1,"featured_media":0,"parent":0,"menu_order":0,"comment_status":"closed","ping_status":"closed","template":"","meta":{"site-sidebar-layout":"default","site-content-layout":"default","ast-global-header-display":"","ast-main-header-display":"","ast-hfb-above-header-display":"","ast-hfb-below-header-display":"","ast-hfb-mobile-header-display":"","site-post-title":"","ast-breadcrumbs-content":"","ast-featured-img":"","footer-sml-layout":"","theme-transparent-header-meta":"","adv-header-id-meta":"","stick-header-meta":"","header-above-stick-meta":"","header-main-stick-meta":"","header-below-stick-meta":"","footnotes":""},"class_list":["post-44","page","type-page","status-publish","hentry"],"_links":{"self":[{"href":"https:\/\/jefisa.unsa.edu.ar\/index.php?rest_route=\/wp\/v2\/pages\/44","targetHints":{"allow":["GET"]}}],"collection":[{"href":"https:\/\/jefisa.unsa.edu.ar\/index.php?rest_route=\/wp\/v2\/pages"}],"about":[{"href":"https:\/\/jefisa.unsa.edu.ar\/index.php?rest_route=\/wp\/v2\/types\/page"}],"author":[{"embeddable":true,"href":"https:\/\/jefisa.unsa.edu.ar\/index.php?rest_route=\/wp\/v2\/users\/1"}],"replies":[{"embeddable":true,"href":"https:\/\/jefisa.unsa.edu.ar\/index.php?rest_route=%2Fwp%2Fv2%2Fcomments&post=44"}],"version-history":[{"count":46,"href":"https:\/\/jefisa.unsa.edu.ar\/index.php?rest_route=\/wp\/v2\/pages\/44\/revisions"}],"predecessor-version":[{"id":581,"href":"https:\/\/jefisa.unsa.edu.ar\/index.php?rest_route=\/wp\/v2\/pages\/44\/revisions\/581"}],"wp:attachment":[{"href":"https:\/\/jefisa.unsa.edu.ar\/index.php?rest_route=%2Fwp%2Fv2%2Fmedia&parent=44"}],"curies":[{"name":"wp","href":"https:\/\/api.w.org\/{rel}","templated":true}]}}